t l be y(-3). Let i = 45 + l. Let k = i - 20. List the prime factors of k.
2
Suppose 0*c - 6*c + 36 = 0. Let f be c/2 - (8 + -2). What are the prime factors of 14 + (f + 3 - -2)?
2
Let p(f) = 2*f - 24. Let y(t) = t**2 + 3*t + 3. Let k be y(-5). Let w be p(k). Suppose 0 = -3*v + i + 7 + 12, -5*v - w*i = -28. List the prime factors of v.
2, 3
Let c(r) = r**3 + r**2 + 4*r - 13. Let a(v) = 2*v**3 - 11*v**2 + 7*v - 4. Let g be a(5). List the prime factors of c(g).
263
Suppose -4*m + 4565 = m. List the prime factors of m/5 + (-22)/(-55).
3, 61
Suppose 8540 = 59*c + 2935. List the prime factors of c.
5, 19
List the prime factors of (33/4)/(42/2632).
11, 47
Let u = 26 + -23. Suppose 3*m = u, -4*s + 2*m + 29 = 7. List the prime factors of s.
2, 3
Let d(z) = -6*z**2 + 9*z - 26. Let u(w) = w**2 - w. Let m(y) = -d(y) - 4*u(y). What are the prime factors of m(12)?
2, 127
Let v = -935 - -1474. List the prime factors of v.
7, 11
Let c(u) = 3*u**2 + u + 13. Let h be c(-7). Suppose 4*f + h - 677 = 0. List the prime factors of f.
131
Let s(f) be the second derivative of f**4/12 + f**2 - 6*f. Let i be s(2). Let j = i - -29. What are the prime factors of j?
5, 7
Suppose 0 = 4*n - 31*v + 28*v - 6336, -n = 2*v - 1595. What are the prime factors of n?
3, 23
Let m(h) = 17*h + h + 15*h - 2*h. What are the prime factors of m(3)?
3, 31
Let o = 2091 + -1370. List the prime factors of o.
7, 103
Let l = 66 - 62. Suppose -l*z + a = 3*a - 164, -4*a = -z + 41. List the prime factors of z.
41
Let q(k) be the second derivative of -2*k**3/3 + 11*k**2/2 + 17*k. What are the prime factors of q(-7)?
3, 13
Let p = 606 + -106. What are the prime factors of p?
2, 5
What are the prime factors of (-65758)/(-112) + 5/(-40)?
587
Let a(d) = d**3 + 6*d**2 - d - 2. Suppose -3*y + 11 + 4 = 0. Suppose 0 = 3*j - 4*j - y. What are the prime factors of a(j)?
2, 7
Let k(w) = 8*w**2 + 6*w + 1. Let f(q) = q**2 + q. Let l(z) = -6*f(z) + k(z). Let d(o) be the first derivative of l(o). List the prime factors of d(3).
2, 3
Let g = 120 + -281. Let f = 254 + g. List the prime factors of f.
3, 31
Let j = -2281 + 4443. What are the prime factors of j?
2, 23, 47
Let a(z) = -84*z**2 + 0*z + 0*z - 1 + 220*z**2. What are the prime factors of a(1)?
3, 5
Let o be (1 - 5) + 5 + -1 + 1. What are the prime factors of o/(-2) - 2793/(-14)?
199
Suppose 0 = 5*h - 5*d + 5, -4*h - d + 20 = 3*d. Let s be (h/(-3))/(2/102). Let x = -21 - s. List the prime factors of x.
13
Let f = -109 + 34. Let v = 148 + f. What are the prime factors of v?
73
Suppose -2*n - z + 3088 = 751, -2*z = -2*n + 2346. Suppose 9*d = -297 + n. List the prime factors of d.
97
Let l be (-1)/2 + (-24)/16. Let t(a) = 5*a**2 + 1. Let b be t(l). Suppose -4*o + 27 = -b. What are the prime factors of o?
2, 3
Let j(n) = -13*n - 25. List the prime factors of j(-9).
2, 23
Suppose -18260 = -47*x + 36*x. What are the prime factors of x?
2, 5, 83
Let m be 5/((5 + -2)/3). Let i be (-2)/m - (-8)/20. Suppose i*n - 3*r = -2*n + 11, n = 4*r + 3. What are the prime factors of n?
7
Let q = 591 + -294. List the prime factors of q.
3, 11
Let x be (4916/(-6))/(16/12 + -2). Suppose -505 = 4*d - x. What are the prime factors of d?
181
Let n(r) = -2*r**3 - 5*r**2 + 2. Let j(t) = -6*t**3 - 15*t**2 + t + 7. Let m(x) = -2*j(x) + 7*n(x). List the prime factors of m(-3).
3, 5
Suppose -2*z + 5 - 2 = -d, 0 = -4*d - 5*z + 14. Let y(u) = 169*u**3 - 2*u + 3. What are the prime factors of y(d)?
2, 5, 17
Suppose -3 = 4*f + 5. Let z = 10 - f. What are the prime factors of z?
2, 3
Let j be 172/(-22) + (-8)/44. Let x be 300/j*36/(-15). List the prime factors of x/3*(-2)/(-4).
3, 5
Let i = 1357 + 1367. What are the prime factors of i?
2, 3, 227
Let c(z) = 94*z + 7. Let g be c(4). Suppose r - g = -2*s - 3*s, 5*r = -2*s + 167. What are the prime factors of s?
2, 19
Let m = -227 + 586. List the prime factors of m.
359
Let v(j) = -21*j**3 - 7*j**2 + 2*j + 12. List the prime factors of v(-5).
2, 613
Suppose 2*a - 5*p = 3036, 22*a + 3*p - 3052 = 20*a. What are the prime factors of a?
1523
Let n = 8 - 6. Let t(q) = -4*q**3 - q**n + 2 + 5*q**2 + 0 + 3*q**3. List the prime factors of t(4).
2
Suppose 12 = 3*i - 5*f, 2*i - 5*f = 4 + 4. Suppose 133 = b - i*p, 5*p - 193 - 402 = -4*b. What are the prime factors of b?
5, 29
Suppose -122*b + 124*b = 1720. List the prime factors of b.
2, 5, 43
Suppose -2*x = -s + 873, -3*s + 2*x = -1523 - 1116. What are the prime factors of s?
883
Let n(s) be the third derivative of -5*s**4/24 - s**3 + 4*s**2. Let q be n(-4). Suppose -58 - q = -4*c. List the prime factors of c.
2, 3
Let r = 53 + -75. Let y = r - -87. What are the prime factors of y?
5, 13
Let i(b) = -3*b - 2*b**2 - 1 - 3 - 2*b + 3. Let q be i(-8). List the prime factors of q/(-7) - 6/(-21).
13
Suppose 5*u - 2*q - 1391 = 0, -10*u - 1123 = -14*u + 5*q. What are the prime factors of u?
277
Let z(r) = 5*r**2 - 9*r**2 - 7*r**2 - 13 + 3 - r**3 - 2*r. Let u be z(-11). Suppose u = -2*y + 3*y. List the prime factors of y.
2, 3
Let k(p) = p**3 - 3*p**2 - 3. Let m be k(2). What are the prime factors of (14/(-6))/(m/21)?
7
Let g(h) = h**2 + 3*h - 2. Let i be g(1). Suppose 0 = -0*d - i*d + 8. Suppose 2*u = -4*w + 50, 0*w - 60 = -4*w - d*u. List the prime factors of w.
2, 5
Let v = 67 - 75. Let h(p) be the second derivative of -4*p**3/3 - p**2/2 - 5*p. List the prime factors of h(v).
3, 7
Let i be (-1)/(1 - 0) - -21. Suppose h - 9 = -2*w, 2 = w + 2*h - 4. Suppose 4*v = -4*s + i, -2 = -4*v + w*s + 42. List the prime factors of v.
2
Suppose 56 = -5*v + v. Let j(d) = -d**2 - 17*d - 14. List the prime factors of j(v).
2, 7
Let u(c) = 5*c**2 - 22*c + 41. List the prime factors of u(18).
5, 11, 23
Suppose 4*y - 8*y + 40 = 4*w, -3*w + 26 = y. Suppose q = 3*q - w. Suppose 3*p + 6 = q*p. What are the prime factors of p?
2, 3
Let a(v) = 191*v - 177. List the prime factors of a(14).
11, 227
Let u(v) = 6*v - 48. Let y = 62 + -42. List the prime factors of u(y).
2, 3
Suppose -12*k = -2*k - 5920. List the prime factors of k.
2, 37
Suppose 0 = 4*g - 7*g - f, 0 = 5*g + 4*f. Suppose -t + 2 = -2*p - 15, -2*t + 3*p + 39 = g. What are the prime factors of 2/(-6) + 1926/t?
71
Let w(b) = -64*b + 10. Suppose 12*c + 21 = 5*c. What are the prime factors of w(c)?
2, 101
Let g = 2098 + -1139. List the prime factors of g.
7, 137
Suppose -6*k - 24 = -3*k. Let g be (-4)/k + (-1)/(-2). Let r(p) = 25*p + 1. List the prime factors of r(g).
2, 13
Let s(b) = 4*b**3 - 18*b**2 + 4*b + 18. Let n be s(13). Suppose -1956 - 2688 = 4*t + 3*p, p + n = -5*t. What are the prime factors of (-4)/(-14) + t/(-42)?
2, 7
Suppose -23*n = -26*n + 6. Suppose -5*t + n*j + 305 = 0, -299 + 120 = -3*t + 2*j. What are the prime factors of t?
3, 7
Let a(h) = -5*h**3 - h**2. Let d be a(1). List the prime factors of (4/d)/(20/(-8070)).
269
Let d(g) = -3*g**2 - 22*g + 10. Let t(z) = -z**2 - z + 1. Let w(q) = d(q) - 2*t(q). Let v be w(-16). List the prime factors of 194/18 - (-16)/v.
11
Let r be 17 + (-4)/6*3. Let b = 3 - 0. Suppose r - b = 3*k. What are the prime factors of k?
2
Suppose -5*n = -5*o - 2070, -31 - 2029 = -5*n + 3*o. What are the prime factors of n?
409
Let h(m) = m + 7. Let c be h(-4). Suppose -2*s = -3*s + 2. Suppose 0 = 3*q + 5*v - 63, -s*q - 3*q + c*v + 139 = 0. List the prime factors of q.
2, 13
Let i(r) be the first derivative of 5*r**3/3 + 3*r - 7. Let d be i(6). Let b = d - 108. List the prime factors of b.
3, 5
What are the prime factors of ((-9)/(-21))/(-3) - 5280/(-14)?
13, 29
Let d be (0 - 14) + (-1 - -2). Let a = d - -20. Suppose -248 = -5*v + 3*p, -2*v + a*p - 2*p + 103 = 0. What are the prime factors of v?
7
Let a(z) be the third derivative of -z**4/24 - 2*z**3/3 - 5*z**2. Let x be a(-8). Suppose x*f = 58 - 2. What are the prime factors of f?
2, 7
Suppose 6*k + 12 = 4*b + 2*k, 5*b = -4*k + 15. Suppose 0 = -b*z - z + 908. What are the prime factors of z?
227
Let w = -89 + 94. Suppose 3*x + w*s = 649, 2*x - 391 = s + 4*s. List the prime factors of x.
2, 13
Suppose -1788 = -29*q + 25*q. What are the prime factors of (q/2)/((-9)/(-6))?
149
Let v be 68/6*12/8. Suppose 31 + 16 = -4*q - 3*i, q - 5*i = v. List the prime factors of (-174)/q - (-2)/8.
2, 11
Suppose 0 = -4*w + 2*q + 1824, -4*w - 3*q = -1322 - 502. What are the prime factors of w?
2, 3, 19
Let h = 